e 7
33116262
Convert 130f2 (base 16) to base 3.
10222002100
Convert 1352444 (base 6) to base 15.
17c7d
What is 230536 (base 11) in base 8?
1314115
Convert -121a6 (base 13) to base 5.
-2031020
What is 10101100100110001 (base 2) in base 5?
10311434
What is -51521 (base 9) in base 13?
-125c2
Convert -132a0a9 (base 13) to base 7.
-102111533
What is -10002202211111 (base 3) in base 11?
-a26909
What is 571157 (base 10) in base 16?
8b715
83625 (base 9) to base 15
1153e
Convert 24551a (base 11) to base 13.
107771
17705612 (base 8) to base 12
148a00a
What is 4034055 (base 6) in base 8?
565663
Convert -35d08 (base 15) to base 10.
-171683
-17721120 (base 9) to base 12
-2ba8039
What is -2762101 (base 8) in base 12?
-317001
What is -5043016 (base 7) in base 14?
-11837d
What is -1000100111011011011 (base 2) in base 15?
-589c1
Convert 1a7b36a (base 13) to base 7.
134332161
Convert 6659a6 (base 15) to base 12.
1773640
Convert 30447 (base 8) to base 7.
51454
Convert 1b7590 (base 14) to base 10.
980714
What is -2b45b9 (base 14) in base 12?
-60a05b
220312 (base 14) to base 12
477364
Convert 301110412 (base 5) to base 11.
7440a2
What is -17a3a (base 11) in base 9?
-37522
What is 6737 (base 15) in base 8?
52565
What is -2240030342 (base 5) in base 3?
-100102010102020
What is 49a7b (base 12) in base 2?
11000011010111111
What is -5a94bc (base 13) in base 11?
-1247942
Convert 1003540 (base 7) to base 5.
12301301
Convert -300445 (base 6) to base 10.
-23501
What is -22b588 (base 12) in base 3?
-1001101202112
-11c42a (base 14) to base 6
-21024010
Convert -53ca5 (base 15) to base 14.
-6cd97
Convert -1994775 (base 13) to base 11.
-4841843
Convert -11135430 (base 6) to base 4.
-1102320222
-11001100010000000010 (base 2) to base 11
-521615
-1a2cb2 (base 13) to base 8
-2417656
Convert -4003a (base 15) to base 7.
-1502353
Convert -5ea0d7 (base 15) to base 11.
-2620719
Convert 589b36 (base 13) to base 10.
2106630
260c9 (base 16) to base 7
1216241
What is -1005603 (base 7) in base 3?
-20002010220
-71277 (base 11) to base 2
-11001011011010000
What is 10110110010110101101 (base 2) in base 16?
b65ad
Convert 101101201011011 (base 3) to base 4.
111010323103
What is -110001110001111101111110 (base 2) in base 6?
-1143411222
Convert 49b71 (base 14) to base 8.
540607
What is b6711 (base 12) in base 9?
404454
Convert -21122203312 (base 4) to base 7.
-26656405
What is 9c2ee6 (base 16) in base 9?
21230563
-19520 (base 12) to base 2
-1001000010101000
What is -24221424 (base 7) in base 5?
-1023003110
871840 (base 9) to base 11
325534
24333105 (base 6) to base 14
162305
40667533 (base 8) to base 6
504342203
-2454012 (base 6) to base 16
-202b8
-1412001242 (base 5) to base 3
-20211011211120
What is -333b3 (base 16) in base 12?
-a152b
What is 1010000011101111 (base 2) in base 16?
a0ef
Convert -1111101011100011001110 (base 2) to base 9.
-7654538
What is -2013321112 (base 4) in base 15?
-aedda
What is 11300030 (base 5) in base 9?
166430
What is -100130032 (base 6) in base 15?
-2361d5
What is 1202672 (base 8) in base 7?
2540416
Convert 3386432 (base 9) to base 2.
110111110011101001101
What is -475b (base 12) in base 6?
-100555
What is 23565741 (base 9) in base 8?
53673161
What is -11011110000110001 (base 2) in base 7?
-652345
-7ff22e (base 16) to base 5
-4121310240
What is 1447271 (base 8) in base 13?
1161c8
Convert 43482 (base 13) to base 12.
5a469
Convert 2103303310 (base 4) to base 5.
123333203
What is 31462062 (base 7) in base 16?
28c032
Convert 39a082 (base 11) to base 5.
130101242
10010100000010110101 (base 2) to base 9
1123725
-142442554 (base 6) to base 2
-1011001011001111000110
What is 14dcd5 (base 15) in base 5?
224234100
What is -11015230 (base 6) in base 8?
-1202542
Convert 41b05 (base 12) to base 15.
1a85b
3250351 (base 6) to base 5
20142024
Convert 1102200111 (base 3) to base 9.
42614
Convert -2779980 (base 10) to base 8.
-12465514
What is 15a4a (base 12) in base 16?
789a
11000011000111101000 (base 2) to base 15
10bc08
-1aab0b (base 12) to base 2
-1110011111110111011
What is -2c2c4 (base 16) in base 4?
-230023010
Convert 29964 (base 12) to base 5.
3332041
What is -107634 (base 9) in base 11?
-44650
1200003212 (base 4) to base 10
393446
Convert -8492 (base 15) to base 13.
-c9b9
Convert f27114 (base 16) to base 13.
33a3c98
What is 3a40aa0 (base 12) in base 11?
6566274
-11010100010000010 (base 2) to base 6
-2155042
Convert 441513 (base 6) to base 15.
ad13
What is 432445 (base 6) in base 9?
53742
Convert -110134222 (base 5) to base 16.
-73cc8
-1034452024 (base 6) to base 12
-3894014
223442 (base 9) to base 3
20210111102
Convert 11300031333 (base 4) to base 10.
1508223
Convert 1c8aa1 (base 13) to base 14.
1513d4
What is 223302223 (base 4) in base 10?
179371
What is 10a7006 (base 12) in base 11?
189a332
Convert -112760 (base 16) to base 8.
-4223540
Convert 3010331023 (base 4) to base 9.
1458557
Convert -19788e (base 16) to base 5.
-411404022
Convert -41043001 (base 5) to base 6.
-11032225
17534028 (base 9) to base 10
8820926
What is -236c2 (base 14) in base 2?
-10101000110001010
4536102 (base 7) to base 15
b2163
What is -103745 (base 13) in base 15?
-774ee
Convert 823b8 (base 15) to base 11.
261a9a
What is 435619 (base 11) in base 16?
a9ce8
Convert 87754 (base 10) to base 3.
11110101011
Convert 1050302 (base 8) to base 2.
1000101000011000010
54154456 (base 7) to base 15
6137a7
Convert 14243a (base 11) to base 4.
312121110
Convert -31e41 (base 16) to base 7.
-1510532
8035ac (base 14) to base 15
5a293b
What is -11321301 (base 6) in base 10?
-352837
-1125374 (base 10) to base 8
-4225776
-100010010301 (base 4) to base 5
-2034222433
What is 50d213 (base 16) in base 9?
10862576
What is 4351068 (base 9) in base 15?
312472
What is 4017158 (base 9) in base 6?
113452042
What is 11110111000101010 (base 2) in base 7?
1034552
7dc71 (base 14) to base 5
34311120
Convert -12220b (base 14) to base 10.
-620547
What is -23933 (base 10) in base 15?
-7158
Convert -110022021 (base 4) to base 16.
-14289
15ba (base 12) to base 4
220132
Convert 412723 (base 9) to base 13.
87570
Convert -132103300 (base 5) to base 12.
-279a15
What is 52225504 (base 6) in base 5?
341344100
Convert 11122201110002 (base 3) to base 12.
9b4048
-12421112 (base 5) to base 11
-84695
What is 395c90 (base 14) in base 10?
1975414
-302010323 (base 4) to base 15
-40b95
What is 2c1a1 (base 15) in base 11?
97866
What is -cda3 (base 16) in base 8?
-146643
-44342162 (base 7) to base 9
-7170625
-1012231223 (base 4) to base 8
-1065553
Convert -10204230 (base 5) to base 13.
-2c87b
What is -8520 (base 15) in base 2?
-110110111111011
-2030151 (base 7) to base 4
-323032122
20022211220221 (base 3) to base 16
335005
What is 22231032012 (base 4) in base 6?
140053450
Convert -1110010001000101 (base 2) to base 6.
-1130313
81d55d (base 14) to base 5
2110041433
-1933a1 (base 11) to base 6
-10212155
Convert -1000011011000110010101 (base 2) to base 10.
-2208149
What is 10aa36d (base 14) in base 15?
a6d1eb
What is -4262136 (base 7) in base 6?
-15044310
What is 451041 (base 13) in base 11?
a138a5
Convert -102011122122220 (base 3) to base 14.
-b07b23
What is 8564b2 (base 12) in base 5?
1014333124
Convert -10212020040 (base 5) to base 13.
-2291c33
What is -101001001010001110 (base 2) in base 15?
-34e45
What is 7024428 (base 10) in base 9?
14185630
Convert -1122222121221 (base 3) to base 12.
-368507
What is 532505 (base 7) in base 10?
92174
What is -200a125 (base 12) in base 9?
-12237842
1010010010101110010 (base 2) to base 11
210436
Convert -5432414 (base 6) to base 3.
-111122210201
What is -130a05 (base 13) in base 4?
-1233332233
Convert 8410766 (base 9) to base 3.
22110100212020
Convert 94b094 (base 15) to base 6.
411342351
What is -331324 (base 7) in base 10?
-58132
What is -15400112 (base 6) in base 10?
-544364
-2054354 (base 6) to base 5
-11211143
Convert 5468b (base 12) to base 14.
2c92b
10a9a8 (base 11) to base 6
3432452
41112401 (base 5) to base 11
207674
Convert -5587983 (base 10) to base 13.
-12085cb
What is -20010120021 (base 3) in base 2?
-11101011101111001
-1634051 (base 7) to base 9
-375465
Convert 34154155 (base 6) to base 15.
158968
Convert -178440 (base 9) to base 14.
-2c728
Convert -2101221121010 (base 3) to base 7.
-13603014
What is -21210120022